{"id":3738,"date":"2020-10-23T07:34:13","date_gmt":"2020-10-23T07:34:13","guid":{"rendered":"https:\/\/www.tags.mx\/?page_id=3738"},"modified":"2021-11-11T12:50:19","modified_gmt":"2021-11-11T12:50:19","slug":"inicio","status":"publish","type":"page","link":"https:\/\/www.tags.mx\/index.php\/inicio\/","title":{"rendered":"Gestiona"},"content":{"rendered":"<p>[et_pb_section fb_built=&#8221;1&#8243; custom_padding_last_edited=&#8221;on|desktop&#8221; next_background_color=&#8221;#ffffff&#8221; admin_label=&#8221;Header&#8221; _builder_version=&#8221;4.11.4&#8243; background_color=&#8221;#FFFFFF&#8221; use_background_color_gradient=&#8221;on&#8221; background_color_gradient_start=&#8221;#3662f6&#8243; background_color_gradient_end=&#8221;#ffffff&#8221; background_color_gradient_direction=&#8221;169deg&#8221; background_color_gradient_start_position=&#8221;100%&#8221; background_enable_image=&#8221;off&#8221; parallax=&#8221;on&#8221; custom_margin=&#8221;||5px|||&#8221; custom_padding=&#8221;16vw||14vw||false|false&#8221; custom_padding_tablet=&#8221;100px||100px||true&#8221; custom_padding_phone=&#8221;||||true&#8221; bottom_divider_style=&#8221;ramp2&#8243; bottom_divider_height=&#8221;250px&#8221; bottom_divider_flip=&#8221;horizontal&#8221; bottom_divider_height_tablet=&#8221;150px&#8221; bottom_divider_height_phone=&#8221;110px&#8221; bottom_divider_height_last_edited=&#8221;on|phone&#8221; saved_tabs=&#8221;all&#8221; locked=&#8221;off&#8221; global_colors_info=&#8221;{}&#8221;][et_pb_row _builder_version=&#8221;4.13.0&#8243; _module_preset=&#8221;default&#8221; min_height=&#8221;58.1px&#8221; custom_padding=&#8221;10px|||||&#8221; global_colors_info=&#8221;{}&#8221;][et_pb_column type=&#8221;4_4&#8243; _builder_version=&#8221;4.13.0&#8243; _module_preset=&#8221;default&#8221; global_colors_info=&#8221;{}&#8221;][et_pb_text _builder_version=&#8221;4.13.0&#8243; _module_preset=&#8221;default&#8221; text_font=&#8221;Poppins|700|||||||&#8221; text_text_color=&#8221;#FFFFFF&#8221; text_font_size=&#8221;28px&#8221; hover_enabled=&#8221;0&#8243; global_colors_info=&#8221;{}&#8221; sticky_enabled=&#8221;0&#8243;]<\/p>\n<p style=\"text-align: center;\">La mejor manera de gestionar relaciones con tus accionistas<\/p>\n<p>[\/et_pb_text][\/et_pb_column][\/et_pb_row][et_pb_row _builder_version=&#8221;4.13.0&#8243; _module_preset=&#8221;default&#8221; global_colors_info=&#8221;{}&#8221;][et_pb_column type=&#8221;4_4&#8243; _builder_version=&#8221;4.13.0&#8243; _module_preset=&#8221;default&#8221; global_colors_info=&#8221;{}&#8221;][et_pb_text _builder_version=&#8221;4.13.0&#8243; _module_preset=&#8221;default&#8221; text_text_color=&#8221;#FFFFFF&#8221; text_font_size=&#8221;20px&#8221; text_line_height=&#8221;1.8em&#8221; width=&#8221;100%&#8221; min_height=&#8221;53px&#8221; custom_margin=&#8221;-37px|||||&#8221; custom_padding=&#8221;0px|||||&#8221; hover_enabled=&#8221;0&#8243; global_colors_info=&#8221;{}&#8221; text_font=&#8221;Poppins||||||||&#8221; sticky_enabled=&#8221;0&#8243;]<\/p>\n<p style=\"text-align: center;\">Simplifica el manejo de tu estructura accionaria y comparte informaci\u00f3n con tus inversionistas de una manera f\u00e1cil y transparente<\/p>\n<p>[\/et_pb_text][\/et_pb_column][\/et_pb_row][et_pb_row _builder_version=&#8221;4.13.0&#8243; _module_preset=&#8221;default&#8221; global_colors_info=&#8221;{}&#8221;][et_pb_column type=&#8221;4_4&#8243; _builder_version=&#8221;4.13.0&#8243; _module_preset=&#8221;default&#8221; global_colors_info=&#8221;{}&#8221;][et_pb_button button_url=&#8221;https:\/\/ua16a809d99.typeform.com\/to\/JrganYBR&#8221; button_text=&#8221;\u00a1\u00danete a nuestra lista de espera!&#8221; button_alignment=&#8221;center&#8221; _builder_version=&#8221;4.13.0&#8243; _module_preset=&#8221;default&#8221; background_layout=&#8221;dark&#8221; global_colors_info=&#8221;{}&#8221;][\/et_pb_button][\/et_pb_column][\/et_pb_row][\/et_pb_section][et_pb_section fb_built=&#8221;1&#8243; theme_builder_area=&#8221;post_content&#8221; _builder_version=&#8221;4.13.0&#8243; _module_preset=&#8221;default&#8221; min_height=&#8221;39.8px&#8221; max_height=&#8221;125px&#8221; height=&#8221;100px&#8221; hover_enabled=&#8221;0&#8243; sticky_enabled=&#8221;0&#8243; custom_padding=&#8221;35px||0px|||&#8221; custom_margin=&#8221;||-4px|||&#8221;][et_pb_row _builder_version=&#8221;4.13.0&#8243; _module_preset=&#8221;default&#8221; theme_builder_area=&#8221;post_content&#8221; min_height=&#8221;46.6px&#8221; custom_padding=&#8221;11px|||||&#8221; custom_margin=&#8221;-19px|auto|-2px|auto||&#8221;][et_pb_column _builder_version=&#8221;4.13.0&#8243; _module_preset=&#8221;default&#8221; type=&#8221;4_4&#8243; theme_builder_area=&#8221;post_content&#8221;][et_pb_text _builder_version=&#8221;4.13.0&#8243; _module_preset=&#8221;default&#8221; theme_builder_area=&#8221;post_content&#8221; text_font=&#8221;Poppins|700|||||||&#8221; header_font=&#8221;Actor|700|||||||&#8221; text_text_color=&#8221;#000000&#8243; hover_enabled=&#8221;0&#8243; sticky_enabled=&#8221;0&#8243; text_font_size=&#8221;27px&#8221; max_height=&#8221;1000px&#8221;]<\/p>\n<p style=\"text-align: center;\">\u00bfQu\u00e9 puedes hacer en Tags Gestiona?<\/p>\n<p>[\/et_pb_text][\/et_pb_column][\/et_pb_row][\/et_pb_section][et_pb_section fb_built=&#8221;1&#8243; theme_builder_area=&#8221;post_content&#8221; _builder_version=&#8221;4.13.0&#8243; _module_preset=&#8221;default&#8221; custom_padding=&#8221;0px||7px|||&#8221; min_height=&#8221;210.2px&#8221;][et_pb_row _builder_version=&#8221;4.13.0&#8243; _module_preset=&#8221;default&#8221; theme_builder_area=&#8221;post_content&#8221; column_structure=&#8221;1_5,1_5,1_5,1_5,1_5&#8243;][et_pb_column _builder_version=&#8221;4.13.0&#8243; _module_preset=&#8221;default&#8221; type=&#8221;1_5&#8243; theme_builder_area=&#8221;post_content&#8221;][et_pb_blurb title=&#8221;Sube y comparte tu informaci\u00f3n financiera con tus inversionistas&#8221; _builder_version=&#8221;4.13.0&#8243; _module_preset=&#8221;default&#8221; theme_builder_area=&#8221;post_content&#8221; hover_enabled=&#8221;0&#8243; sticky_enabled=&#8221;0&#8243; use_icon=&#8221;on&#8221; font_icon=&#8221;&#xe0a0;||divi||400&#8243; icon_color=&#8221;#000000&#8243; image_icon_width=&#8221;50px&#8221; text_orientation=&#8221;center&#8221; header_font=&#8221;Poppins|500|||||||&#8221; header_level=&#8221;h5&#8243; header_line_height=&#8221;1.4em&#8221;][\/et_pb_blurb][\/et_pb_column][et_pb_column _builder_version=&#8221;4.13.0&#8243; _module_preset=&#8221;default&#8221; type=&#8221;1_5&#8243; theme_builder_area=&#8221;post_content&#8221;][et_pb_blurb title=&#8221;Maneja tu tabla de capitalizaci\u00f3n&#8221; _builder_version=&#8221;4.13.0&#8243; _module_preset=&#8221;default&#8221; theme_builder_area=&#8221;post_content&#8221; use_icon=&#8221;on&#8221; font_icon=&#8221;&#xe025;||divi||400&#8243; image_icon_background_color=&#8221;RGBA(0,0,0,0)&#8221; image_icon_width=&#8221;50px&#8221; text_orientation=&#8221;center&#8221; header_level=&#8221;h5&#8243; header_font=&#8221;Poppins||||||||&#8221; header_line_height=&#8221;1.4em&#8221; hover_enabled=&#8221;0&#8243; sticky_enabled=&#8221;0&#8243; icon_color=&#8221;#000000&#8243;][\/et_pb_blurb][\/et_pb_column][et_pb_column _builder_version=&#8221;4.13.0&#8243; _module_preset=&#8221;default&#8221; type=&#8221;1_5&#8243; theme_builder_area=&#8221;post_content&#8221;][et_pb_blurb title=&#8221;Solicita valuaciones financieras&#8221; _builder_version=&#8221;4.13.0&#8243; _module_preset=&#8221;default&#8221; theme_builder_area=&#8221;post_content&#8221; use_icon=&#8221;on&#8221; font_icon=&#8221;&#xf1fe;||fa||900&#8243; image_icon_background_color=&#8221;RGBA(0,0,0,0)&#8221; icon_color=&#8221;#000000&#8243; image_icon_width=&#8221;50px&#8221; text_orientation=&#8221;center&#8221; header_level=&#8221;h5&#8243; header_font=&#8221;Poppins||||||||&#8221; header_line_height=&#8221;1.4em&#8221; hover_enabled=&#8221;0&#8243; sticky_enabled=&#8221;0&#8243;][\/et_pb_blurb][\/et_pb_column][et_pb_column _builder_version=&#8221;4.13.0&#8243; _module_preset=&#8221;default&#8221; type=&#8221;1_5&#8243; theme_builder_area=&#8221;post_content&#8221;][et_pb_blurb title=&#8221;Emite certificados de instrumentos&#8221; _builder_version=&#8221;4.13.0&#8243; _module_preset=&#8221;default&#8221; theme_builder_area=&#8221;post_content&#8221; use_icon=&#8221;on&#8221; font_icon=&#8221;&#xf0c5;||fa||400&#8243; icon_color=&#8221;#000000&#8243; image_icon_width=&#8221;50px&#8221; text_orientation=&#8221;center&#8221; header_level=&#8221;h5&#8243; header_font=&#8221;Poppins||||||||&#8221; header_line_height=&#8221;1.4em&#8221; hover_enabled=&#8221;0&#8243; sticky_enabled=&#8221;0&#8243;][\/et_pb_blurb][\/et_pb_column][et_pb_column _builder_version=&#8221;4.13.0&#8243; _module_preset=&#8221;default&#8221; type=&#8221;1_5&#8243; theme_builder_area=&#8221;post_content&#8221;][et_pb_blurb title=&#8221;Solicita tu teor\u00eda de cambio y da seguimiento a tu impacto&#8221; _builder_version=&#8221;4.13.0&#8243; _module_preset=&#8221;default&#8221; theme_builder_area=&#8221;post_content&#8221; use_icon=&#8221;on&#8221; font_icon=&#8221;&#xf5a2;||fa||900&#8243; icon_color=&#8221;#000000&#8243; image_icon_width=&#8221;50px&#8221; text_orientation=&#8221;center&#8221; header_level=&#8221;h5&#8243; header_font=&#8221;Poppins||||||||&#8221; header_text_align=&#8221;center&#8221; header_line_height=&#8221;1.4em&#8221; hover_enabled=&#8221;0&#8243; sticky_enabled=&#8221;0&#8243;][\/et_pb_blurb][\/et_pb_column][\/et_pb_row][\/et_pb_section][et_pb_section fb_built=&#8221;1&#8243; theme_builder_area=&#8221;post_content&#8221; _builder_version=&#8221;4.13.0&#8243; _module_preset=&#8221;default&#8221; background_color=&#8221;#d3d3d3&#8243; hover_enabled=&#8221;0&#8243; sticky_enabled=&#8221;0&#8243;][et_pb_row _builder_version=&#8221;4.13.0&#8243; _module_preset=&#8221;default&#8221; theme_builder_area=&#8221;post_content&#8221; column_structure=&#8221;1_3,2_3&#8243; hover_enabled=&#8221;0&#8243; sticky_enabled=&#8221;0&#8243; custom_margin=&#8221;|170px||auto||&#8221; width=&#8221;90.8%&#8221; custom_padding=&#8221;|0px||37px||&#8221;][et_pb_column _builder_version=&#8221;4.13.0&#8243; _module_preset=&#8221;default&#8221; type=&#8221;1_3&#8243; theme_builder_area=&#8221;post_content&#8221;][et_pb_text _builder_version=&#8221;4.13.0&#8243; _module_preset=&#8221;default&#8221; theme_builder_area=&#8221;post_content&#8221; text_font=&#8221;Poppins|700|||||||&#8221; text_font_size=&#8221;48px&#8221; text_line_height=&#8221;1.4em&#8221; hover_enabled=&#8221;0&#8243; sticky_enabled=&#8221;0&#8243; text_text_color=&#8221;#000000&#8243;]<\/p>\n<p>La raz\u00f3n de ser de Tags Gestiona<\/p>\n<p>[\/et_pb_text][\/et_pb_column][et_pb_column _builder_version=&#8221;4.13.0&#8243; _module_preset=&#8221;default&#8221; type=&#8221;2_3&#8243; theme_builder_area=&#8221;post_content&#8221; hover_enabled=&#8221;0&#8243; sticky_enabled=&#8221;0&#8243;][et_pb_text _builder_version=&#8221;4.13.0&#8243; _module_preset=&#8221;default&#8221; theme_builder_area=&#8221;post_content&#8221; text_font_size=&#8221;21px&#8221; hover_enabled=&#8221;0&#8243; sticky_enabled=&#8221;0&#8243; max_width=&#8221;100%&#8221; width=&#8221;100%&#8221; custom_padding=&#8221;|0px||||&#8221; text_text_color=&#8221;#000000&#8243;]<\/p>\n<p>Venimos a <strong>cambiar<\/strong> <strong>la manera en la que los emprendedores se relacionan con sus inversionistas<\/strong>. Hoy en d\u00eda estas relaciones sufren de <strong>falta de transparencia y rendici\u00f3n de cuentas<\/strong>. Esto deteriora la confianza y dificulta la colaboraci\u00f3n.<\/p>\n<p><strong>Por eso creamos Tags Gestiona<\/strong>. Una plataforma en donde los emprendedores pueden subir su informaci\u00f3n financiera &amp; de impacto, y posteriormente compartirla con todos sus inversionistas. La plataforma tambi\u00e9n te ayuda a llevar el manejo de tu cap table, emitir instrumentos, solicitar valuaciones y solicitar una teor\u00eda del cambio.<\/p>\n<p>[\/et_pb_text][\/et_pb_column][\/et_pb_row][\/et_pb_section][et_pb_section fb_built=&#8221;1&#8243; theme_builder_area=&#8221;post_content&#8221; _builder_version=&#8221;4.13.0&#8243; _module_preset=&#8221;default&#8221; custom_padding=&#8221;||47px|||&#8221;][et_pb_row _builder_version=&#8221;4.13.0&#8243; _module_preset=&#8221;default&#8221; theme_builder_area=&#8221;post_content&#8221; column_structure=&#8221;1_2,1_2&#8243; hover_enabled=&#8221;0&#8243; sticky_enabled=&#8221;0&#8243;][et_pb_column _builder_version=&#8221;4.13.0&#8243; _module_preset=&#8221;default&#8221; type=&#8221;1_2&#8243; theme_builder_area=&#8221;post_content&#8221;][et_pb_cta title=&#8221;Para organizaciones&#8221; button_text=&#8221;Click Here&#8221; _builder_version=&#8221;4.13.0&#8243; _module_preset=&#8221;default&#8221; theme_builder_area=&#8221;post_content&#8221; body_font=&#8221;Poppins||||||||&#8221; hover_enabled=&#8221;0&#8243; sticky_enabled=&#8221;0&#8243; custom_margin=&#8221;||12px|||&#8221; min_height=&#8221;27px&#8221; custom_padding=&#8221;||13px||false|false&#8221; background_color=&#8221;#7785ac&#8221; header_font=&#8221;|700|||||||&#8221;]<\/p>\n<ul>\n<li style=\"text-align: left;\">Simplifica el manejo de tu capital<\/li>\n<li style=\"text-align: left;\">Asegura transparencia y genera confianza<\/li>\n<li style=\"text-align: left;\">Comparte informaci\u00f3n con tus inversionistas f\u00e1cilmente<\/li>\n<li style=\"text-align: left;\">Crece tu organizaci\u00f3n con una estructura accionaria ordenada<\/li>\n<li style=\"text-align: left;\">Solicita valuaciones a precios accesibles<\/li>\n<\/ul>\n<p>[\/et_pb_cta][\/et_pb_column][et_pb_column _builder_version=&#8221;4.13.0&#8243; _module_preset=&#8221;default&#8221; type=&#8221;1_2&#8243; theme_builder_area=&#8221;post_content&#8221;][et_pb_cta title=&#8221;Para inversionistas&#8221; button_text=&#8221;Click Here&#8221; _builder_version=&#8221;4.13.0&#8243; _module_preset=&#8221;default&#8221; theme_builder_area=&#8221;post_content&#8221; body_font=&#8221;Poppins||||||||&#8221; hover_enabled=&#8221;0&#8243; sticky_enabled=&#8221;0&#8243; header_font=&#8221;|700|||||||&#8221; background_color=&#8221;#7587ac&#8221;]<\/p>\n<ul>\n<li style=\"text-align: left;\">Accesa r\u00e1pidamente informaci\u00f3n de tus inversiones<\/li>\n<li style=\"text-align: left;\">Acepta instrumentos de una manera r\u00e1pida y sencilla<\/li>\n<li style=\"text-align: left;\">Maneja tu portafolio de inveriones de empresas que estan en Tags Gestiona<\/li>\n<li style=\"text-align: left;\">Revisa indicadores financieros y de impacto<\/li>\n<\/ul>\n<p>[\/et_pb_cta][\/et_pb_column][\/et_pb_row][\/et_pb_section][et_pb_section fb_built=&#8221;1&#8243; theme_builder_area=&#8221;post_content&#8221; _builder_version=&#8221;4.13.0&#8243; _module_preset=&#8221;default&#8221; background_color=&#8221;#D3D3D3&#8243; hover_enabled=&#8221;0&#8243; sticky_enabled=&#8221;0&#8243; custom_padding=&#8221;24px||7px|||&#8221; min_height=&#8221;134.2px&#8221;][et_pb_row _builder_version=&#8221;4.13.0&#8243; _module_preset=&#8221;default&#8221; theme_builder_area=&#8221;post_content&#8221; column_structure=&#8221;2_5,3_5&#8243; min_height=&#8221;94.6px&#8221;][et_pb_column _builder_version=&#8221;4.13.0&#8243; _module_preset=&#8221;default&#8221; type=&#8221;2_5&#8243; theme_builder_area=&#8221;post_content&#8221;][et_pb_text _builder_version=&#8221;4.13.0&#8243; _module_preset=&#8221;default&#8221; theme_builder_area=&#8221;post_content&#8221; header_font=&#8221;|700|||||||&#8221; text_font=&#8221;|700|||||||&#8221; text_font_size=&#8221;28px&#8221; hover_enabled=&#8221;0&#8243; sticky_enabled=&#8221;0&#8243; custom_padding=&#8221;||18px|||&#8221; custom_margin=&#8221;9px||||false|false&#8221;]<\/p>\n<p>Cont\u00e1ctanos<\/p>\n<p>[\/et_pb_text][\/et_pb_column][et_pb_column _builder_version=&#8221;4.13.0&#8243; _module_preset=&#8221;default&#8221; type=&#8221;3_5&#8243; theme_builder_area=&#8221;post_content&#8221;][et_pb_text _builder_version=&#8221;4.13.0&#8243; _module_preset=&#8221;default&#8221; theme_builder_area=&#8221;post_content&#8221; hover_enabled=&#8221;0&#8243; sticky_enabled=&#8221;0&#8243;]<\/p>\n<p>Si tienes alguna pregunta sobre Tags, quieres conocer mas sobre nuestra plataforma, o quieres agendar un demo, manda un correo a <a href=\"mailto:soporte@tags.mx\">soporte@tags.mx.<\/a><\/p>\n<p>[\/et_pb_text][\/et_pb_column][\/et_pb_row][\/et_pb_section]<\/p>\n","protected":false},"excerpt":{"rendered":"<p>La mejor manera de gestionar relaciones con tus accionistasSimplifica el manejo de tu estructura accionaria y comparte informaci\u00f3n con tus inversionistas de una manera f\u00e1cil y transparente\u00bfQu\u00e9 puedes hacer en Tags Gestiona?La raz\u00f3n de ser de Tags GestionaVenimos a cambiar la manera en la que los emprendedores se relacionan con sus inversionistas. Hoy en d\u00eda [&hellip;]<\/p>\n","protected":false},"author":1,"featured_media":0,"parent":0,"menu_order":0,"comment_status":"closed","ping_status":"closed","template":"","meta":{"_et_pb_use_builder":"on","_et_pb_old_content":"","_et_gb_content_width":""},"_links":{"self":[{"href":"https:\/\/www.tags.mx\/index.php\/wp-json\/wp\/v2\/pages\/3738"}],"collection":[{"href":"https:\/\/www.tags.mx\/index.php\/wp-json\/wp\/v2\/pages"}],"about":[{"href":"https:\/\/www.tags.mx\/index.php\/wp-json\/wp\/v2\/types\/page"}],"author":[{"embeddable":true,"href":"https:\/\/www.tags.mx\/index.php\/wp-json\/wp\/v2\/users\/1"}],"replies":[{"embeddable":true,"href":"https:\/\/www.tags.mx\/index.php\/wp-json\/wp\/v2\/comments?post=3738"}],"version-history":[{"count":83,"href":"https:\/\/www.tags.mx\/index.php\/wp-json\/wp\/v2\/pages\/3738\/revisions"}],"predecessor-version":[{"id":4487,"href":"https:\/\/www.tags.mx\/index.php\/wp-json\/wp\/v2\/pages\/3738\/revisions\/4487"}],"wp:attachment":[{"href":"https:\/\/www.tags.mx\/index.php\/wp-json\/wp\/v2\/media?parent=3738"}],"curies":[{"name":"wp","href":"https:\/\/api.w.org\/{rel}","templated":true}]}}